
4
Let w(j) = -29*j**2 + 102*j**2 - 2*j - 42*j**2. What is the tens digit of w(1)?
2
Let d = -25 - -357. What is the hundreds digit of d?
3
Suppose -4*b + 9 = 1. Suppose 4*m - 2*m + 5*k - 77 = 0, -2 = -2*k. What is the tens digit of (b + m - 1) + 2?
3
Let q = 128 - -307. What is the hundreds digit of q?
4
Let p = -2069 - -3532. What is the tens digit of p?
6
Suppose 0 = 3*v - 164 - 181. Suppose -4*p = 5*x + 280, 2*x + v = -4*p + 3*p. Let d = x + 90. What is the units digit of d?
0
Suppose 291 + 138 = 11*r. What is the units digit of r?
9
Let w = 1268 + -484. What is the tens digit of w?
8
Suppose 2*j - u + 14 = 47, 2*j - 53 = 5*u. Let x = 4 - j. What is the tens digit of 4/x + 672/30?
2
Let j = -9 - -13. Suppose -j*l = -18 + 2, -f + 5*l + 14 = 0. What is the units digit of f?
4
Let p = 142 + -138. Suppose -5*l = p*z - 1035 + 261, 332 = 2*l - 4*z. What is the units digit of l?
8
Suppose 5*r = 0, 0*r - 4*r = -5*s + 11720. What is the units digit of s?
4
Let h(g) = -g + 19. Suppose -5*c = -l - 1, 0 = -5*l - 3*c - 3 - 2. Let q = -12 - l. What is the tens digit of h(q)?
3
Let q be (-2 - (-14)/3)*153/2. Suppose -l + q = 2*l. What is the tens digit of l?
6
What is the units digit of -98*(36/(-8) - 0)?
1
Let g = 257 - 150. Suppose 0 = -3*s + 5*z - 36 + 99, -z = 4*s - g. What is the units digit of s?
6
Suppose -10*y = 10 - 180. Suppose y*v - 4*v = 13. What is the units digit of v?
1
Let s(d) = -d**2 - 7*d - 9. Let w be s(-4). What is the tens digit of (w - (1 + 0))/((-14)/(-805))?
1
What is the hundreds digit of -5*((-159)/6 - -5)*2?
2
Let t(u) = -4*u**3 + 2*u**2 + 4*u + 34. Let s(m) = -m**3 + m**2 + m. Let z = -14 - -15. Let q(d) = z*t(d) - 3*s(d). What is the units digit of q(0)?
4
Let d(j) = -j - 1. Let z(f) = -12*f + 2. Let q(n) = d(n) - z(n). Let p be q(5). Suppose -p + 7 = -5*u. What is the units digit of u?
9
Suppose 2*y = 3*y. Let j be (y - 6)/(6/(-8)). Suppose i - j = -i. What is the units digit of i?
4
Suppose 0 = 4*u + 133 - 409. What is the units digit of u?
9
Let d(a) = 2*a**2 - 7*a. Let c be (1 + -6)*56/(-35). Let b = c + -1. What is the tens digit of d(b)?
4
Let i(d) = -d**2 + d. Let g(t) = -4*t**2 + 9*t - 7. Let q(s) = g(s) - 5*i(s). Let n be q(-5). Let l = n - -19. What is the units digit of l?
7
Suppose 0 = -2*y - 2*y - 60. What is the tens digit of (-20)/y*-3 + 45?
4
Let l = 4570 + -3034. What is the thousands digit of l?
1
Let f(t) = t**2 - 7*t + 8. Let h be f(6). Suppose -x = h, -5*j = x - 5*x - 233. What is the tens digit of j?
4
Let h(j) = -9*j + 4 + 8*j**2 + 2*j**3 + 7*j**3 - 3*j**3 - 5*j**3. Let g be h(-9). Suppose 46 = f - 5*n + n, 3*f - g*n = 122. What is the tens digit of f?
3
Suppose 0*t = 5*t - 80. Suppose -3*i = -2*s - t + 61, -i + 87 = 5*s. What is the tens digit of s?
1
Let j = 2402 - 1100. What is the tens digit of j?
0
Suppose 0 = 5*p + 59 + 11. What is the units digit of p/4*-1*(-6)/(-3)?
7
Let q(t) = 3*t - 2. Let o be q(-4). Let h be ((-36)/(-63))/((-4)/o). Suppose -h*x = 2*x - 76. What is the tens digit of x?
1
Let v(k) = 15*k - 1. Let h be v(8). Let q(y) = -1003*y. Let x(g) = -17*g. Let i(d) = h*x(d) - 2*q(d). What is the units digit of i(-1)?
7
Let i = -822 + 1628. What is the tens digit of i?
0
Suppose 0 = 25*m - 34*m + 2790. What is the tens digit of m?
1
Suppose -5*t - a + 44 = 0, 32 = t + 2*t - 5*a. Let d = 17 - t. Suppose -d*f - 32 = -10*f. What is the units digit of f?
6
Suppose 31 = h - 3*b, 6*b - b - 7 = -h. Let x be (4/(-12))/(3/(-873)). Suppose -h + x = 3*w + 3*i, 5*w - 4*i = 161. What is the tens digit of w?
2
Let k(q) = q**3 + 21*q**2 + 9*q - 41. What is the tens digit of k(-14)?
0
Let s(u) = 3*u. Let x(c) = 4*c - 1. Let r(i) = 5*s(i) - 4*x(i). Let t be r(5). What is the tens digit of ((3 - -1) + -57)/t?
5
Suppose 10*o = -o + 7293. What is the units digit of o?
3
Suppose 1030 - 5980 = -11*m. What is the hundreds digit of m?
4
Suppose -69930 = -0*n - 35*n. What is the hundreds digit of n?
9
What is the thousands digit of (67*(-3)/2)/((-1)/14)?
1
Suppose 0 = -12*u - 1181 - 967. Let y = 329 + u. What is the hundreds digit of y?
1
Let u(p) = 4*p**2 + 37*p + 35. Let j = -10 + 3. Let h(i) = -i**2 - 12*i - 12. Let o(y) = j*h(y) - 2*u(y). What is the units digit of o(11)?
3
Suppose 0 = 17*v - 10074 - 2693. What is the hundreds digit of v?
7
Let j = 2820 + -1879. What is the units digit of j?
1
Let b(i) be the third derivative of 17*i**5/60 + 5*i**4/24 + i**3 - i**2 + 28*i. What is the tens digit of b(-2)?
6
Let f = 7 + 7. What is the tens digit of (6/(-8) + f/8)*157?
5
Let g(n) = -n - 4. Suppose y = u + 3*y - 16, 4*y = u + 14. Let b be g(u). Let s(q) = q**2 + 9*q - 1. What is the units digit of s(b)?
9
Let p(j) = 113*j**3 + 3*j**2 - 2*j + 11. What is the hundreds digit of p(2)?
9
Suppose -3 = -4*u + u, -26 = -3*z + 4*u. Suppose -4*w + 26 = 2*k - 3*k, -4*k + z = 3*w. What is the units digit of (70/w)/(11/33)?
5
Let g = -3829 + 6486. What is the units digit of g?
7
Suppose -2*q + 52 = -68. Suppose 2*z - 7*z = -5, 5*k = -5*z + q. What is the tens digit of k/(((-8)/(-12))/2)?
3
Let i(u) = 5*u**2 + 7*u + 5. What is the hundreds digit of i(4)?
1
Suppose -j - 17 = -437. Suppose 5*f - f - 4*a = j, a - 405 = -4*f. What is the units digit of f?
2
Let d(x) = -x**2 - 12*x - 12. Let h be d(-10). Suppose -101 - 59 = -h*r. What is the units digit of r?
0
Let x(k) = -2*k - 42 + 58 - 12*k - 2*k. What is the hundreds digit of x(-7)?
1
Suppose 0 = -5*y + 6*t - 9*t + 6834, y - 1368 = -t. What is the tens digit of y?
6
Let q(y) = 243*y - 32. What is the hundreds digit of q(3)?
6
What is the hundreds digit of ((-32048)/64)/((-5)/20)?
0
Let m(n) = -6*n**3 - 2*n**2 + n + 2. Let h be m(-3). Suppose 3*o = -o + z + 291, -2*o + z + h = 0. Let t = o + -38. What is the units digit of t?
6
Let n(d) = 8*d**2 + 31*d - 20. What is the hundreds digit of n(14)?
9
Let r be 75/(-70)*-246 + (-8)/14. Let z = r + -126. What is the tens digit of z?
3
Suppose 0 = 3*l + 15, 155 = -2*x + 5*l + 7088. What is the thousands digit of x?
3
Let r(c) be the second derivative of c**4/12 - c**2 + 5*c. Let t be r(4). Let s = t + -11. What is the units digit of s?
3
Suppose 5*a - 5*c - 2135 = 0, a + 0*c - 429 = 3*c. What is the units digit of a?
6
Let a(q) = -q**2 - 14*q - 25. Let u be a(-7). Let x be (-104)/(-16) - (-2)/(-4). What is the tens digit of 388/u + (-1)/x?
1
Let i(r) = -70*r - 224. What is the tens digit of i(-20)?
7
Suppose -196*q + 194*q + 592 = 0. Suppose 2*g - d - 157 = -0*g, -4*g - 4*d + q = 0. What is the units digit of g?
7
Suppose 0*h = -2*h + 116. Let g be h/(-10) + (-6)/30. Let k(x) = -2*x + 8. What is the tens digit of k(g)?
2
Suppose 18*z - 13156 = 6896. What is the tens digit of z?
1
Suppose b + 3 = -2*d, -2*d + 4*d = -6. What is the hundreds digit of 130 - b/((-3)/2)?
1
Let d(v) be the second derivative of v**4/6 + 13*v**3/6 - v**2 - 11*v. What is the tens digit of d(-10)?
6
Let m be 3/(-2) - (-386)/4. Suppose -j - 5*n = 35, -m = 5*j - 5*n + 170. What is the tens digit of 4/16*4 - j?
5
Suppose 2*c - 2*n - 24 = 0, -3*c - n = -0*c - 44. Let y be 4/(-28) - (-72)/c. Suppose 2*d = 2*p + 10, -2*p = -y*d - 4*p + 53. What is the units digit of d?
9
Let o(m) = 3*m + 8 - 13 - 1. Suppose -55 = -9*u + 4*u. What is the units digit of o(u)?
7
Suppose 0*k + 156 = -3*k. What is the tens digit of 1635/7 + k/91?
3
Suppose -2*o + 24 = -0*h - 3*h, 4*o = -2*h + 16. Suppose o*l - 28 = 8*l. Let p = 25 + l. What is the tens digit of p?
1
Let n be (-4)/26 + 14/91. Let g be 34 + 3/3*n. Suppose -g = 3*o - 148. What is the units digit of o?
8
Suppose -4*y + 8456 = -12*u + 15*u, 0 = -u. What is the units digit of y?
4
Suppose -a - 2*c + 32 = 3*a, 2*c = 4*a - 40. Suppose f = -a*r + 4*r + 218, -2*f = r - 49. What is the tens digit of r?
4
Suppose -a - 235 - 1185 = -h, 5*h = -4*a + 7082. What is the tens digit of h?
1
Suppose -4*y - 14 = 2*u - 140, -4*u - 5*y + 246 = 0. Suppose 312 = 7*w - u. What is the units digit of w?
3
Let j(w) = -4*w**2 - 7*w + 7. Let y = -7 + 11. Let u(q) = -3*q**2 - 8*q + 8. Let x(a) = y*j(a) - 5*u(a). What is the units digit of x(10)?
8
Let o(x) = -205*x - 272. What is the hundreds digit of o(-9)?
5
Let d(t) = 2*t + 8. Let z = -10 - -6. Let w be d(z). Suppose 3*k = w, 5*m - 65 = 3*k + 5. What is the tens digit of m?
1
Suppose a = -2*u + 20